 - 100002011021?
-22201000222
In base 15, what is -1d - 1dba7?
-1dbc5
In base 9, what is -77627 + 23518?
-54108
In base 13, what is 73 - -2c185?
2c228
In base 11, what is -10 + -22a54436?
-22a54446
In base 7, what is -5 - -6422326550?
6422326542
In base 3, what is 20120000 + 211011102?
1001201102
In base 16, what is -a2ab010 + -1?
-a2ab011
In base 2, what is -101000111110011101101 + 11101?
-101000111110011010000
In base 3, what is -102 + 11001201120021?
11001201112212
In base 16, what is -98 + -c25fa?
-c2692
In base 5, what is 231023243 - 122?
231023121
In base 12, what is 41a + 239b6?
24214
In base 7, what is 334 + 41133?
41500
In base 8, what is 35 + -501676?
-501641
In base 2, what is -1110011011110 - 10110001000?
-10001001100110
In base 5, what is -4 + -1110131003?
-1110131012
In base 14, what is 22 + -9cd9d1?
-9cd9ad
In base 12, what is -28 + -2ba6?
-3012
In base 16, what is 8d5cff - -3?
8d5d02
In base 5, what is 1043141 + 10131?
1103322
In base 15, what is 4 + -beb7cc?
-beb7c8
In base 9, what is -1133 + -111024?
-112157
In base 13, what is -4666b + c?
-4665c
In base 16, what is 3f8f + 80?
400f
In base 12, what is 9581 - -2911?
10292
In base 4, what is 1 - 1212303101?
-1212303100
In base 5, what is 12243012341 + -4?
12243012332
In base 15, what is -6e4e36 - -3?
-6e4e33
In base 13, what is 6c8bbb7 + -2?
6c8bbb5
In base 11, what is -1212a3a - -133?
-1212907
In base 9, what is -3418 + 222573?
218154
In base 11, what is 3709 - 3aa2a?
-37321
In base 3, what is -1211101010221222111 + 2?
-1211101010221222102
In base 7, what is -4 + 1024021656?
1024021652
In base 15, what is 114660 - -71?
1146d1
In base 16, what is -4 - 107ab5?
-107ab9
In base 15, what is 3 + -323a7c?
-323a79
In base 15, what is 7d9a6 + 2?
7d9a8
In base 6, what is 1041 - -3443443?
3444524
In base 7, what is -5 - 12053440006?
-12053440014
In base 10, what is 2 - 59089?
-59087
In base 4, what is -203110 + -2030011?
-2233121
In base 4, what is 220220113202 - -2?
220220113210
In base 5, what is -23304113 + -244?
-23304412
In base 12, what is -5768 - -15840?
10094
In base 11, what is -61541318 - 3?
-61541320
In base 4, what is -31311332 - 120110?
-32032102
In base 16, what is 8 + 218a32?
218a3a
In base 8, what is 362 + 1736?
2320
In base 6, what is -1205154223 + 4?
-1205154215
In base 13, what is 30c248028 + 1?
30c248029
In base 5, what is 2 + -233102301444?
-233102301442
In base 3, what is -10000010002022001 - -20?
-10000010002021211
In base 12, what is 1 + 13262816?
13262817
In base 6, what is -251 + -45014352?
-45015043
In base 8, what is -22035 - 7506?
-31543
In base 10, what is 3487259 + 4?
3487263
In base 3, what is 2 + 1201110002000120?
1201110002000122
In base 11, what is -14 - 912064?
-912078
In base 15, what is 3 - -6a8e6?
6a8e9
In base 14, what is 4b5a39 + 11?
4b5a4a
In base 8, what is 1257147 - 327?
1256620
In base 8, what is -6 - -3037405?
3037377
In base 6, what is -5 - 144342101?
-144342110
In base 12, what is -3 + 10531?
1052a
In base 2, what is -10000011010110100110100 + -1?
-10000011010110100110101
In base 5, what is 14313323 + -32?
14313241
In base 4, what is 311003312 - 1010?
311002302
In base 9, what is -7 + -66822151?
-66822158
In base 8, what is 6271 - 70310?
-62017
In base 6, what is -332132332 + 10?
-332132322
In base 5, what is 341004244 - 12?
341004232
In base 5, what is 11 - -312014041?
312014102
In base 16, what is -564d - 11f?
-576c
In base 8, what is 30525065 + -70?
30524775
In base 16, what is -4 + -2df67e7?
-2df67eb
In base 3, what is 21102110022102 - 211?
21102110021121
In base 11, what is 26a81817 - -5?
26a81821
In base 5, what is -2 - 43034441203?
-43034441210
In base 13, what is 1a6 - -257c?
2755
In base 9, what is 334365870 - 3?
334365866
In base 13, what is 5 + -461a249?
-461a244
In base 13, what is -4 - 1b423?
-1b427
In base 16, what is b - -dd4e7?
dd4f2
In base 6, what is -10315425 + 235?
-10315150
In base 6, what is 314232 + -51232?
223000
In base 12, what is 39b4 - -7425?
b219
In base 14, what is -1d + -6a931?
-6a950
In base 10, what is -290 + -63171?
-63461
In base 8, what is 0 + 60252770?
60252770
In base 7, what is -23 + -400021160?
-400021213
In base 14, what is -2069b34 + -11?
-2069b45
In base 14, what is -1c67aa + -33?
-1c67dd
In base 15, what is -3 - ca8556?
-ca8559
In base 7, what is -2404 + -156420?
-162124
In base 2, what is -110010 - 101010001101010011?
-101010001110000101
In base 7, what is 3211 + -103442?
-100231
In base 9, what is -11 + 36306134?
36306123
In base 8, what is -720613472 + -3?
-720613475
In base 7, what is 22012 + -22?
21660
In base 7, what is 430 + 43565?
44325
In base 13, what is 3744 + 1660?
50a4
In base 7, what is -4 + 13305660?
13305653
In base 12, what is 308437 + -4?
308433
In base 6, what is -50 + -3023241?
-3023331
In base 4, what is 22 + -1213330101103?
-1213330101021
In base 9, what is -82 - -465231?
465138
In base 5, what is -1 - -1324434331?
1324434330
In base 8, what is 3705155 - 26?
3705127
In base 14, what is -25 - -5b776?
5b751
In base 6, what is -3032411151 - 55?
-3032411250
In base 13, what is -1c4 + a596?
a3a2
In base 9, what is -14378383 + -1?
-14378384
In base 15, what is -3ea4 + -2dc?
-4291
In base 12, what is 4b6 - 1246?
-950
In base 11, what is -1792988 + 11?
-1792977
In base 9, what is 28084847 - 1?
28084846
In base 7, what is 5 - 16256103?
-16256065
In base 4, what is 120123313 + -12230?
120111023
In base 6, what is 254350 + -3545?
250401
In base 4, what is -21123021 - 1001?
-21130022
In base 4, what is -1332133020 - -1013?
-1332132001
In base 3, what is 2012010211022001 + -22?
2012010211021202
In base 8, what is 430 + 463447?
464077
In base 16, what is 26 - 2866b?
-28645
In base 4, what is 20 + -332122323213?
-332122323133
In base 6, what is 1 - -34000431?
34000432
In base 2, what is 111100000110111 + 1001110011010?
1000101111010001
In base 4, what is 33031320301022 + 3?
33031320301031
In base 16, what is -3 - -104baba9?
104baba6
In base 7, what is -5 + 456521116?
456521111
In base 4, what is -111233 + -120001000?
-120112233
In base 12, what is -75a + 83?
-697
In base 12, what is 3 - -291ba54?
291ba57
In base 7, what is -45 + -46264201?
-46264246
In base 12, what is 13470 - b0?
13380
In base 6, what is -1042 + 41000230?
40555144
In base 14, what is -68316 + 25?
-682d1
In base 6, what is 31253204 - -4?
31253212
In base 10, what is 442 - 16306?
-15864
In base 11, what is 5 + 2548a09?
2548a13
In base 15, what is -6 + -5042de?
-5042e5
In base 10, what is -9579643 + -114?
-9579757
In base 8, what is 3 + -75075102?
-75075077
In base 16, what is -864 - -5d1d?
54b9
In base 4, what is 101121 + -10202031?
-10100310
In base 16, what is 1df3ee5 - 2?
1df3ee3
In base 11, what is 50 - -2641471?
2641511
In base 14, what is 5 + -4cc24a?
-4cc245
In base 3, what is -1210101000212211120 + -12?
-1210101000212211202
In base 9, what is 4 + -325003231?
-325003226
In base 5, what is -21423 + -33414?
-110342
In base 4, what is -32 + -31222000322?
-31222001020
In base 13, what is 20 - -377b6c4?
377b714
In base 2, what is 1111010011011001110011111100 - 1?
1111010011011001110011111011
In base 16, what is -a217 - -7?
-a210
In base 11, what is 10812 + -aa5?
a818
In base 5, what is -3 + 1232302320?
1232302312
In base 8, what is -13002 + 6131?
-4651
In base 7, what is -12554 + 321?
-12233
In base 12, what is 5a - 327399?
-32733b
In base 6, what is 133 + 13524131?
13524304
In base 11, what is 20394 - -6?
2039a
In base 12, what is 4 + -66a3b24?
-66a3b20
In base 8, what is -5002 + -30030?
-35032
In base 2, what is -1 - -11111000101110101?
11111000101110100
In base 2, what is -1000101101101101010110 + -1001010?
-1000101101101110100000
In base 14, what is dbd4 - 175?
da5d
In base 3, what is 22 + -1100020210212211?
-1100020210212112
In base 11, what is 493472 - -334?
4937a6
In base 11, what is 22919 + -8a?
2283a
In base 7, what is -4 - 312340?
-312344
In base 14, what is 1816 + -1b2c?
-316
In base 7, what is -50 - -30610614?
30610534
In base 6, what is -525415 - -4300?
-521115
In base 6, what is -21122434121 - -4?
-21122434113
In base 10, what is -796 + -42822?
-43618
In base 14, what is -5 + 409bd5?
409bd0
In base 15, what is b + 8ab4a66?
8ab4a72
In base 8, what is 12 + 10102041?
10102053
In base 7, what is -5 - 2413405